{"id":633,"date":"2022-07-04T13:59:57","date_gmt":"2022-07-04T13:59:57","guid":{"rendered":"https:\/\/cecauf.es\/website\/?post_type=product&#038;p=633"},"modified":"2024-10-08T21:23:14","modified_gmt":"2024-10-08T21:23:14","slug":"curso-universitario-de-marketing-personal-como-hacer-de-uno-una-marca-exitosa__trashed","status":"publish","type":"product","link":"https:\/\/cecauf.es\/website\/producto\/curso-universitario-de-marketing-personal-como-hacer-de-uno-una-marca-exitosa__trashed\/","title":{"rendered":"Curso: Marketing Personal. C\u00f3mo hacer de uno una marca exitosa"},"content":{"rendered":"<div>\n<h4><strong>Aprobado por Resoluci\u00f3n Rectoral N\u00ba 336-21<\/strong><\/h4>\n<\/div>\n<h4><span style=\"color: #ff6600;\"><strong>INICIO INMEDIATO\u00a0<\/strong><\/span><\/h4>\n<h4>Descripci\u00f3n<\/h4>\n<p>El marketing personal es la rama del marketing que toma elementos de la psicolog\u00eda, la gesti\u00f3n de empresas, la comunicaci\u00f3n, la programaci\u00f3n Neuroling\u00fc\u00edstica (PNL) y la filosof\u00eda, y se dedica a construir y optimizar nuestra marca personal con vistas a conseguir nuestros objetivos previamente establecidos.<\/p>\n<p>Todos nosotros, aunque no conscientes de ello, tenemos una marca que est\u00e1 proyectando un mensaje al mundo acerca de quienes somos, qu\u00e9 hacemos y c\u00f3mo lo hacemos.<\/p>\n<p>Gestionar estrat\u00e9gicamente nuestra Marca Personal consiste en tener el control de los procesos que influyen en la manera en que los dem\u00e1s nos perciben.<\/p>\n<p>En este curso te brindaremos herramientas que te permitir\u00e1n implementar tu propio plan de marketing para alcanzar resultados extraordinarios en t\u00e9rminos del desarrollo y crecimiento personal y profesional.<\/p>\n<h4>Duraci\u00f3n<\/h4>\n<p>2 meses.<\/p>\n<h4>Certificaci\u00f3n que se expide<\/h4>\n<p>Curso Universitario de Marketing Personal. C\u00f3mo hacer de Uno una Marca Exitosa.<\/p>\n<h4>Destinatarios<\/h4>\n<p>Profesionales en un \u00e1rea que deseen:<br \/>\n\u2022 Posicionar su perfil profesional como referencia dentro de su especialidad.<br \/>\n\u2022 Redefinirse como profesional.<br \/>\n\u2022 Dar una orientaci\u00f3n clara y definida a su plan de carrera.<br \/>\n\u2022 Dise\u00f1ar y gestionar de manera estrat\u00e9gica su carrera profesional.<br \/>\n\u2022 Dominar herramientas de b\u00fasqueda laboral.<br \/>\n\u2022 Relanzar su carrera.<\/p>\n<h4>Metodolog\u00eda y modalidad de ense\u00f1anza<\/h4>\n<p>La metodolog\u00eda de trabajo se apoya en un marco te\u00f3rico articulado con ejercicios pr\u00e1cticos para facilitar as\u00ed la comprensi\u00f3n, el aprendizaje y el desarrollo de competencias.<\/p>\n<p>La parte te\u00f3rica del curso ser\u00e1 desarrollada de manera interactiva a trav\u00e9s de espacios de libre discusi\u00f3n, se emplear\u00e1n videos para reflexionar los contenidos presentados. La parte pr\u00e1ctica contempla la realizaci\u00f3n de din\u00e1micas y ejercicios de auto-evaluaci\u00f3n por parte de los participantes.<\/p>\n<p>El material de trabajo se estructura en base a m\u00f3dulos, \u00e9stos se encuentran disponibles las 24 horas del d\u00eda a trav\u00e9s de una plataforma virtual. Asimismo se ofrece atenci\u00f3n profesional permanente que responder\u00e1 las preguntas y dudas que surjan.<\/p>\n","protected":false},"excerpt":{"rendered":"<h4>\u2022 INICIO INMEDIATO<\/h4>\n<h4>\u2022 DURACI\u00d3N: 2 meses<\/h4>\n<h4>\u2022 100% ONLINE<\/h4>\n","protected":false},"featured_media":28971,"template":"","meta":{"site-sidebar-layout":"default","site-content-layout":"default","ast-site-content-layout":"default","site-content-style":"default","site-sidebar-style":"default","ast-global-header-display":"","ast-banner-title-visibility":"","ast-main-header-display":"","ast-hfb-above-header-display":"","ast-hfb-below-header-display":"","ast-hfb-mobile-header-display":"","site-post-title":"","ast-breadcrumbs-content":"","ast-featured-img":"","footer-sml-layout":"","theme-transparent-header-meta":"default","adv-header-id-meta":"","stick-header-meta":"","header-above-stick-meta":"","header-main-stick-meta":"","header-below-stick-meta":"","astra-migrate-meta-layouts":"set","ast-page-background-enabled":"default","ast-page-background-meta":{"desktop":{"background-color":"var(--ast-global-color-4)","background-image":"","background-repeat":"repeat","background-position":"center center","background-size":"auto","background-attachment":"scroll","background-type":"","background-media":"","overlay-type":"","overlay-color":"","overlay-gradient":""},"tablet":{"background-color":"","background-image":"","background-repeat":"repeat","background-position":"center center","background-size":"auto","background-attachment":"scroll","background-type":"","background-media":"","overlay-type":"","overlay-color":"","overlay-gradient":""},"mobile":{"background-color":"","background-image":"","background-repeat":"repeat","background-position":"center center","background-size":"auto","background-attachment":"scroll","background-type":"","background-media":"","overlay-type":"","overlay-color":"","overlay-gradient":""}},"ast-content-background-meta":{"desktop":{"background-color":"var(--ast-global-color-5)","background-image":"","background-repeat":"repeat","background-position":"center center","background-size":"auto","background-attachment":"scroll","background-type":"","background-media":"","overlay-type":"","overlay-color":"","overlay-gradient":""},"tablet":{"background-color":"var(--ast-global-color-5)","background-image":"","background-repeat":"repeat","background-position":"center center","background-size":"auto","background-attachment":"scroll","background-type":"","background-media":"","overlay-type":"","overlay-color":"","overlay-gradient":""},"mobile":{"background-color":"var(--ast-global-color-5)","background-image":"","background-repeat":"repeat","background-position":"center center","background-size":"auto","background-attachment":"scroll","background-type":"","background-media":"","overlay-type":"","overlay-color":"","overlay-gradient":""}},"_joinchat":[]},"product_cat":[23,31,32,22,27],"product_tag":[],"class_list":{"0":"post-633","1":"product","2":"type-product","3":"status-publish","4":"has-post-thumbnail","6":"product_cat-comunicacion","7":"product_cat-habilidades-blandas","8":"product_cat-liderazgo","9":"product_cat-marketing-y-ventas","10":"product_cat-rrhh","11":"desktop-align-left","12":"tablet-align-left","13":"mobile-align-left","15":"first","16":"instock","17":"shipping-taxable","18":"product-type-external"},"_links":{"self":[{"href":"https:\/\/cecauf.es\/website\/wp-json\/wp\/v2\/product\/633","targetHints":{"allow":["GET"]}}],"collection":[{"href":"https:\/\/cecauf.es\/website\/wp-json\/wp\/v2\/product"}],"about":[{"href":"https:\/\/cecauf.es\/website\/wp-json\/wp\/v2\/types\/product"}],"version-history":[{"count":5,"href":"https:\/\/cecauf.es\/website\/wp-json\/wp\/v2\/product\/633\/revisions"}],"predecessor-version":[{"id":2325,"href":"https:\/\/cecauf.es\/website\/wp-json\/wp\/v2\/product\/633\/revisions\/2325"}],"wp:featuredmedia":[{"embeddable":true,"href":"https:\/\/cecauf.es\/website\/wp-json\/wp\/v2\/media\/28971"}],"wp:attachment":[{"href":"https:\/\/cecauf.es\/website\/wp-json\/wp\/v2\/media?parent=633"}],"wp:term":[{"taxonomy":"product_cat","embeddable":true,"href":"https:\/\/cecauf.es\/website\/wp-json\/wp\/v2\/product_cat?post=633"},{"taxonomy":"product_tag","embeddable":true,"href":"https:\/\/cecauf.es\/website\/wp-json\/wp\/v2\/product_tag?post=633"}],"curies":[{"name":"wp","href":"https:\/\/api.w.org\/{rel}","templated":true}]}}

Curso: Marketing Personal. Cómo hacer de uno una marca exitosa

<div>
<h4><strong>Aprobado por Resolución Rectoral Nº 336-21</strong></h4>
</div>
<h4><span style="color: #ff6600;"><strong>INICIO INMEDIATO </strong></span></h4>
<h4>Descripción</h4>
<p>El marketing personal es la rama del marketing que toma elementos de la psicología, la gestión de empresas, la comunicación, la programación Neurolingüística (PNL) y la filosofía, y se dedica a construir y optimizar nuestra marca personal con vistas a conseguir nuestros objetivos previamente establecidos.</p>
<p>Todos nosotros, aunque no conscientes de ello, tenemos una marca que está proyectando un mensaje al mundo acerca de quienes somos, qué hacemos y cómo lo hacemos.</p>
<p>Gestionar estratégicamente nuestra Marca Personal consiste en tener el control de los procesos que influyen en la manera en que los demás nos perciben.</p>
<p>En este curso te brindaremos herramientas que te permitirán implementar tu propio plan de marketing para alcanzar resultados extraordinarios en términos del desarrollo y crecimiento personal y profesional.</p>
<h4>Duración</h4>
<p>2 meses.</p>
<h4>Certificación que se expide</h4>
<p>Curso Universitario de Marketing Personal. Cómo hacer de Uno una Marca Exitosa.</p>
<h4>Destinatarios</h4>
<p>Profesionales en un área que deseen:<br />
• Posicionar su perfil profesional como referencia dentro de su especialidad.<br />
• Redefinirse como profesional.<br />
• Dar una orientación clara y definida a su plan de carrera.<br />
• Diseñar y gestionar de manera estratégica su carrera profesional.<br />
• Dominar herramientas de búsqueda laboral.<br />
• Relanzar su carrera.</p>
<h4>Metodología y modalidad de enseñanza</h4>
<p>La metodología de trabajo se apoya en un marco teórico articulado con ejercicios prácticos para facilitar así la comprensión, el aprendizaje y el desarrollo de competencias.</p>
<p>La parte teórica del curso será desarrollada de manera interactiva a través de espacios de libre discusión, se emplearán videos para reflexionar los contenidos presentados. La parte práctica contempla la realización de dinámicas y ejercicios de auto-evaluación por parte de los participantes.</p>
<p>El material de trabajo se estructura en base a módulos, éstos se encuentran disponibles las 24 horas del día a través de una plataforma virtual. Asimismo se ofrece atención profesional permanente que responderá las preguntas y dudas que surjan.</p>

<h4>• INICIO INMEDIATO</h4>
<h4>• DURACIÓN: 2 meses</h4>
<h4>• 100% ONLINE</h4>
