{"id":631,"date":"2022-07-04T13:59:56","date_gmt":"2022-07-04T13:59:56","guid":{"rendered":"https:\/\/cecauf.es\/website\/?post_type=product&#038;p=631"},"modified":"2024-10-08T21:23:42","modified_gmt":"2024-10-08T21:23:42","slug":"curso-como-mejorar-la-gestion-de-un-negocio-minorista-estrategia-del-retail-y-su-implementacion__trashed","status":"publish","type":"product","link":"https:\/\/cecauf.es\/website\/producto\/curso-como-mejorar-la-gestion-de-un-negocio-minorista-estrategia-del-retail-y-su-implementacion__trashed\/","title":{"rendered":"Curso: C\u00f3mo mejorar la gesti\u00f3n de un Negocio minorista. Estrategia del retail y su implementaci\u00f3n"},"content":{"rendered":"<h4><strong>Resoluci\u00f3n Rectoral <\/strong><strong>N\u00ba 336-21<\/strong><\/h4>\n<h4><span style=\"color: #ff6600;\"><strong>INICIO INMEDIATO<\/strong><\/span><\/h4>\n<h4>Objetivo del Curso<\/h4>\n<p>\u25cf Reflexionar sobre las herramientas de gesti\u00f3n comercial que tienen los formatos de negocios minoristas.<br \/>\n\u25cf Proporcionar conocimientos, t\u00e9cnicas y herramientas en las diferentes \u00e1reas de gesti\u00f3n y sectores econ\u00f3micos.<br \/>\n\u25cf Utilizar estrategias a partir de la definici\u00f3n y evaluaci\u00f3n de un conjunto de indicadores que contribuyan a analizar la situaci\u00f3n actual y el dise\u00f1o de acciones tendientes a la mejorar de la performance.<\/p>\n<h4>Caracter\u00edsticas del Curso<\/h4>\n<h4>Duraci\u00f3n<\/h4>\n<p>24 horas reloj.<\/p>\n<h4>Destinatarios<\/h4>\n<p>El curso de Retail Management est\u00e1 orientado a profesionales o administradores de negocios minoristas que se est\u00e9n desempe\u00f1ando en<br \/>\ncargos gerenciales, de supervisi\u00f3n o lideren su propio negocio minorista y que desean ampliar sus conocimientos sobre la tem\u00e1tica.<\/p>\n<h4>Modalidad de Cursado y Evaluaci\u00f3n<\/h4>\n<p>Se cursa a DISTANCIA a trav\u00e9s de una Plataforma virtual intuitiva y accesible, apta para todos los dispositivos m\u00f3viles.<br \/>\nLos participantes acceden al material, participan en foros de consulta y est\u00e1n acompa\u00f1ados por un tutor.<br \/>\nCada una de las clases, contendr\u00e1 una actividad de auto-evaluaci\u00f3n. Como actividad final, se propondr\u00e1 a alumno una actividad pr\u00e1ctica integral que ser\u00e1 evaluada por el docente.<\/p>\n<h4>Programa<\/h4>\n<p><strong>Las decisiones minoristas: La propuesta de valor.<\/strong><br \/>\nLas decisiones estrat\u00e9gicas de un formato minorista. El mercado meta. El surtido. El precio. La localizaci\u00f3n. El punto de contacto con el cliente. Los servicios. La comunicaci\u00f3n con los clientes.<\/p>\n<p><strong>El sustento de la propuesta de valor:<\/strong><br \/>\nLa gesti\u00f3n del talento humano. La log\u00edstica. Los proveedores. La informaci\u00f3n para la toma de decisiones.<\/p>\n<p><strong>Anal\u00edtica de un retail:<\/strong><br \/>\nIndicadores para medir la performance en un retail. Rentabilidad. Productividad. Human Resource Measures performance.<\/p>\n<p>&nbsp;<\/p>\n","protected":false},"excerpt":{"rendered":"<h4>\u2022 INICIO INMEDIATO<\/h4>\n<h4>\u2022 DURACI\u00d3N: 24 horas reloj<\/h4>\n<h4>\u2022 100% ONLINE<\/h4>\n","protected":false},"featured_media":28974,"template":"","meta":{"site-sidebar-layout":"default","site-content-layout":"default","ast-site-content-layout":"default","site-content-style":"default","site-sidebar-style":"default","ast-global-header-display":"","ast-banner-title-visibility":"","ast-main-header-display":"","ast-hfb-above-header-display":"","ast-hfb-below-header-display":"","ast-hfb-mobile-header-display":"","site-post-title":"","ast-breadcrumbs-content":"","ast-featured-img":"","footer-sml-layout":"","theme-transparent-header-meta":"default","adv-header-id-meta":"","stick-header-meta":"","header-above-stick-meta":"","header-main-stick-meta":"","header-below-stick-meta":"","astra-migrate-meta-layouts":"set","ast-page-background-enabled":"default","ast-page-background-meta":{"desktop":{"background-color":"var(--ast-global-color-4)","background-image":"","background-repeat":"repeat","background-position":"center center","background-size":"auto","background-attachment":"scroll","background-type":"","background-media":"","overlay-type":"","overlay-color":"","overlay-gradient":""},"tablet":{"background-color":"","background-image":"","background-repeat":"repeat","background-position":"center center","background-size":"auto","background-attachment":"scroll","background-type":"","background-media":"","overlay-type":"","overlay-color":"","overlay-gradient":""},"mobile":{"background-color":"","background-image":"","background-repeat":"repeat","background-position":"center center","background-size":"auto","background-attachment":"scroll","background-type":"","background-media":"","overlay-type":"","overlay-color":"","overlay-gradient":""}},"ast-content-background-meta":{"desktop":{"background-color":"var(--ast-global-color-5)","background-image":"","background-repeat":"repeat","background-position":"center center","background-size":"auto","background-attachment":"scroll","background-type":"","background-media":"","overlay-type":"","overlay-color":"","overlay-gradient":""},"tablet":{"background-color":"var(--ast-global-color-5)","background-image":"","background-repeat":"repeat","background-position":"center center","background-size":"auto","background-attachment":"scroll","background-type":"","background-media":"","overlay-type":"","overlay-color":"","overlay-gradient":""},"mobile":{"background-color":"var(--ast-global-color-5)","background-image":"","background-repeat":"repeat","background-position":"center center","background-size":"auto","background-attachment":"scroll","background-type":"","background-media":"","overlay-type":"","overlay-color":"","overlay-gradient":""}},"_joinchat":[]},"product_cat":[23,30,22],"product_tag":[],"class_list":{"0":"post-631","1":"product","2":"type-product","3":"status-publish","4":"has-post-thumbnail","6":"product_cat-comunicacion","7":"product_cat-gestion","8":"product_cat-marketing-y-ventas","9":"desktop-align-left","10":"tablet-align-left","11":"mobile-align-left","13":"first","14":"instock","15":"shipping-taxable","16":"product-type-external"},"_links":{"self":[{"href":"https:\/\/cecauf.es\/website\/wp-json\/wp\/v2\/product\/631","targetHints":{"allow":["GET"]}}],"collection":[{"href":"https:\/\/cecauf.es\/website\/wp-json\/wp\/v2\/product"}],"about":[{"href":"https:\/\/cecauf.es\/website\/wp-json\/wp\/v2\/types\/product"}],"version-history":[{"count":5,"href":"https:\/\/cecauf.es\/website\/wp-json\/wp\/v2\/product\/631\/revisions"}],"predecessor-version":[{"id":2327,"href":"https:\/\/cecauf.es\/website\/wp-json\/wp\/v2\/product\/631\/revisions\/2327"}],"wp:featuredmedia":[{"embeddable":true,"href":"https:\/\/cecauf.es\/website\/wp-json\/wp\/v2\/media\/28974"}],"wp:attachment":[{"href":"https:\/\/cecauf.es\/website\/wp-json\/wp\/v2\/media?parent=631"}],"wp:term":[{"taxonomy":"product_cat","embeddable":true,"href":"https:\/\/cecauf.es\/website\/wp-json\/wp\/v2\/product_cat?post=631"},{"taxonomy":"product_tag","embeddable":true,"href":"https:\/\/cecauf.es\/website\/wp-json\/wp\/v2\/product_tag?post=631"}],"curies":[{"name":"wp","href":"https:\/\/api.w.org\/{rel}","templated":true}]}}