{"id":2625,"date":"2022-12-28T03:46:15","date_gmt":"2022-12-28T03:46:15","guid":{"rendered":"https:\/\/cecauf.es\/website\/?page_id=2625"},"modified":"2022-12-28T03:47:23","modified_gmt":"2022-12-28T03:47:23","slug":"politicas-de-cookies","status":"publish","type":"page","link":"https:\/\/cecauf.es\/website\/politicas-de-cookies\/","title":{"rendered":"Pol\u00edticas de cookies"},"content":{"rendered":"\t\t<div data-elementor-type=\"wp-page\" data-elementor-id=\"2625\" class=\"elementor elementor-2625\">\n\t\t\t\t\t\t<section class=\"elementor-section elementor-top-section elementor-element elementor-element-16bf844 elementor-section-boxed elementor-section-height-default elementor-section-height-default\" data-id=\"16bf844\" data-element_type=\"section\">\n\t\t\t\t\t\t<div class=\"elementor-container elementor-column-gap-default\">\n\t\t\t\t\t<div class=\"elementor-column elementor-col-100 elementor-top-column elementor-element elementor-element-87693f3\" data-id=\"87693f3\" data-element_type=\"column\">\n\t\t\t<div class=\"elementor-widget-wrap elementor-element-populated\">\n\t\t\t\t\t\t<div class=\"elementor-element elementor-element-232dc0e elementor-widget elementor-widget-heading\" data-id=\"232dc0e\" data-element_type=\"widget\" data-widget_type=\"heading.default\">\n\t\t\t\t<div class=\"elementor-widget-container\">\n\t\t\t\t\t<h2 class=\"elementor-heading-title elementor-size-default\">Pol\u00edtica de cookies<\/h2>\t\t\t\t<\/div>\n\t\t\t\t<\/div>\n\t\t\t\t\t<\/div>\n\t\t<\/div>\n\t\t\t\t\t<\/div>\n\t\t<\/section>\n\t\t\t\t<section class=\"elementor-section elementor-top-section elementor-element elementor-element-dde42ef elementor-section-boxed elementor-section-height-default elementor-section-height-default\" data-id=\"dde42ef\" data-element_type=\"section\">\n\t\t\t\t\t\t<div class=\"elementor-container elementor-column-gap-default\">\n\t\t\t\t\t<div class=\"elementor-column elementor-col-100 elementor-top-column elementor-element elementor-element-b55aab5\" data-id=\"b55aab5\" data-element_type=\"column\">\n\t\t\t<div class=\"elementor-widget-wrap elementor-element-populated\">\n\t\t\t\t\t\t<div class=\"elementor-element elementor-element-5c2ea11 elementor-widget elementor-widget-text-editor\" data-id=\"5c2ea11\" data-element_type=\"widget\" data-widget_type=\"text-editor.default\">\n\t\t\t\t<div class=\"elementor-widget-container\">\n\t\t\t\t\t\t\t\t\t<h4>Normativa sobre el uso de cookies<\/h4><p>Esta Pol\u00edtica de Cookies es parte integrante del Aviso Legal y la Pol\u00edtica de Privacidad de CECAUF Espa\u00f1a.<br \/>El acceso y la navegaci\u00f3n en el sitio, o el uso de los servicios del mismo, implican la aceptaci\u00f3n de las Condiciones Generales establecidas en nuestro Aviso Legal (y por tanto de la Pol\u00edtica de Privacidad y Pol\u00edtica de Cookies).<br \/>Por favor, l\u00e9elas atentamente. Te agradecemos que hayas decidido visitarnos.<br \/>Queremos que tu experiencia en el sitio sea lo mejor posible, y por ese motivo hemos escrito esta Pol\u00edtica de Cookies de la forma m\u00e1s transparente posible.<\/p><h4>\u00bfQu\u00e9 es una Cookie?<\/h4><p>Las cookies son archivos que contienen peque\u00f1as cantidades de informaci\u00f3n que se descargan en el dispositivo del usuario que se utiliza cuando visitas un sitio web. Su finalidad principal es reconocer al usuario cada vez que accede y nos permite, adem\u00e1s, mejorar la calidad y la usabilidad de nuestra web. Las cookies son esenciales para el funcionamiento de Internet; no pueden da\u00f1ar el equipo\/dispositivo del usuario y, si se encuentran activadas en la configuraci\u00f3n de tu navegador, nos ayudan a identificar y resolver posibles errores de funcionamiento.<\/p><h4>Tipos de Cookies<\/h4><p>Hay diferentes tipos de cookies. Todos ellos trabajan de la misma manera, pero tienen peque\u00f1as diferencias:<\/p><ul><li><strong>Cookies de Sesi\u00f3n:<\/strong>\u00a0son aquellas dise\u00f1adas para recabar y almacenar datos mientras el usuario accede a una p\u00e1gina web. Se suelen emplear para almacenar informaci\u00f3n que solo interesa conservar para la prestaci\u00f3n del servicio solicitado por el usuario en una sola ocasi\u00f3n (por ejemplo, una lista de productos adquiridos) y desaparecen al terminar la sesi\u00f3n. Las cookies de sesi\u00f3n duran solamente por la duraci\u00f3n de su visita y se borran cuando cierra el navegador. Su finalidad principal es identificar el tipo de dispositivo, apoyar la seguridad del sitio web o su funcionalidad b\u00e1sica. No contienen informaci\u00f3n personal que nos permita identificar a una persona.<\/li><li><strong>Cookies Persistentes o Permanentes:<\/strong>\u00a0son aquellas en las que los datos siguen almacenados en el terminal y pueden ser accedidos y tratados durante un periodo definido por el responsable de la cookie, y que puede ir de unos minutos a varios a\u00f1os. Se almacenan en el disco duro del dispositivo y nuestra web las lee cada vez que realiza una nueva visita al sitio web; posee una fecha de caducidad o expiraci\u00f3n determinada, cumplida la cual la cookie deja de funcionar. Nos permiten identificar sus acciones y preferencias; analizar las visitas y nos ayudan a comprender c\u00f3mo llegan los usuarios a nuestra p\u00e1gina y mejorar nuestros servicios.<\/li><li><strong>Cookies T\u00e9cnicas, estrictamente necesarias:<\/strong>\u00a0<em>(exceptuadas del cumplimiento de las obligaciones establecidas en el art\u00edculo 22.2 de la LSSI cuando permitan prestar el servicio solicitado por el usuario)<\/em>. Son aquellas que permiten al usuario la navegaci\u00f3n a trav\u00e9s de una p\u00e1gina web, plataforma o aplicaci\u00f3n y la utilizaci\u00f3n de las diferentes opciones o servicios que en ella existan, incluyendo aquellas que el editor utiliza para permitir la gesti\u00f3n y operativa de la p\u00e1gina web y habilitar sus funciones y servicios, como, por ejemplo, controlar el tr\u00e1fico y la comunicaci\u00f3n de datos, identificar la sesi\u00f3n, acceder a partes de acceso restringido, recordar los elementos que integran un pedido, realizar el proceso de compra de un pedido, gestionar el pago, controlar el fraude vinculado a la seguridad del servicio, realizar la solicitud de inscripci\u00f3n o participaci\u00f3n en un evento, contar visitas a efectos de la facturaci\u00f3n de licencias del software con el que funciona el servicio (sitio web, plataforma o aplicaci\u00f3n), utilizar elementos de seguridad durante la navegaci\u00f3n, almacenar contenidos para la difusi\u00f3n de v\u00eddeos o sonido, habilitar contenidos din\u00e1micos (por ejemplo, animaci\u00f3n de carga de un texto o imagen) o compartir contenidos a trav\u00e9s de redes sociales.<\/li><li><strong>Cookies de preferencias o personalizaci\u00f3n:<\/strong>\u00a0son aquellas que permiten recordar informaci\u00f3n para que el usuario acceda al servicio con determinadas caracter\u00edsticas que pueden diferenciar su experiencia de la de otros usuarios, como, por ejemplo, el idioma, el n\u00famero de resultados a mostrar cuando el usuario realiza una b\u00fasqueda, el aspecto o contenido del servicio en funci\u00f3n del tipo de navegador a trav\u00e9s del cual el usuario accede al servicio o de la regi\u00f3n desde la que accede al servicio, etc.<\/li><li><strong>Cookies de geo-localizaci\u00f3n:<\/strong>\u00a0se utilizan para averiguar en qu\u00e9 pa\u00eds o regi\u00f3n se encuentra el usuario cuando accede a un servicio del sitio web con el fin de ofrecerle contenidos o servicios adecuados a su localizaci\u00f3n.<\/li><li><strong>Cookies de an\u00e1lisis o medici\u00f3n:<\/strong>\u00a0son aquellas que permiten al responsable de las mismas el seguimiento y an\u00e1lisis del comportamiento de los usuarios de los sitios web a los que est\u00e1n vinculadas, incluida la cuantificaci\u00f3n de los impactos de los anuncios. La informaci\u00f3n recogida mediante este tipo de cookies se utiliza en la medici\u00f3n de la actividad de los sitios web, aplicaci\u00f3n o plataforma, con el fin de introducir mejoras en funci\u00f3n del an\u00e1lisis de los datos de uso que hacen los usuarios del servicio.<\/li><li><strong>Cookies de publicidad comportamental:<\/strong>\u00a0son aquellas que almacenan informaci\u00f3n del comportamiento de los usuarios obtenida a trav\u00e9s de la observaci\u00f3n continuada de sus h\u00e1bitos de navegaci\u00f3n, lo que permite desarrollar un perfil espec\u00edfico para mostrar publicidad en funci\u00f3n del mismo.<\/li><li><strong>An\u00f3nimas:<\/strong>\u00a0s\u00f3lo recopilan informaci\u00f3n sobre los espacios publicitarios mostrados en el sitio web, con independencia del usuario que accede al sitio web, es decir, sin identificarle expresamente.<\/li><li><strong>Personalizadas:<\/strong>\u00a0recopilan informaci\u00f3n personal del usuario del sitio web por parte de un tercero, para la personalizaci\u00f3n de dichos espacios publicitarios.<\/li><li><strong>Cookies de Funcionalidad:<\/strong>\u00a0permiten recordar decisiones adoptadas por el usuario, como su login o identificador. La informaci\u00f3n de estas cookies recogen se anonimiza (es decir, no contiene ni tu nombre, direcci\u00f3n, u otros datos).<\/li><li><strong>Cookies Propias:<\/strong>\u00a0son aquellas que se env\u00edan al equipo terminal del usuario desde un equipo o dominio gestionado por el propio editor y desde el que se presta el servicio solicitado por el usuario.<\/li><li><strong>Cookies de Terceros:<\/strong>\u00a0las cookies de terceros son las cookies que instala un sitio web que no es el que est\u00e1s visitando; por ejemplo, las usadas por redes sociales (como Facebook) o por complementos externos de contenido (como Google Maps). Adem\u00e1s, algunas empresas de publicidad usan este tipo de archivos para realizar un seguimiento de tus visitas en cada sitio en el que se anuncian.<\/li><\/ul><table width=\"638\"><thead><tr><td width=\"128\"><strong>GALLETA<\/strong><\/td><td width=\"142\"><strong>TIPO<\/strong><\/td><td width=\"104\"><strong>DURACI\u00d3N<\/strong><\/td><td width=\"264\"><strong>DESCRIPCI\u00d3N<\/strong><\/td><\/tr><\/thead><tbody><tr><td colspan=\"4\" width=\"638\"><strong>Anal\u00edticas<\/strong><\/td><\/tr><tr><td width=\"128\">YSC<\/td><td width=\"142\">Terceros, Sesi\u00f3n<\/td><td width=\"104\">1 hora<\/td><td width=\"264\">Estas cookies son establecidas por Youtube y se utilizan para rastrear las vistas de videos incrustados.<\/td><\/tr><tr><td width=\"128\">_gid<\/td><td width=\"142\">Terceros, Sesi\u00f3n<\/td><td width=\"104\">1 d\u00eda<\/td><td width=\"264\">Esta cookie es instalada por Google Analytics. La cookie se utiliza para almacenar informaci\u00f3n sobre c\u00f3mo los visitantes usan un sitio web y ayuda a crear un informe anal\u00edtico de c\u00f3mo est\u00e1 funcionando el sitio web. Los datos recopilados, incluido el n\u00famero de visitantes, la fuente de donde provienen y las p\u00e1ginas, aparecen de forma an\u00f3nima.<\/td><\/tr><tr><td width=\"128\">_gat<\/td><td width=\"142\">Terceros, Sesi\u00f3n<\/td><td width=\"104\">1 minuto<\/td><td width=\"264\">Google Universal Analytics instala estas cookies para acelerar la tasa de solicitud y limitar la recopilaci\u00f3n de datos en sitios de alto tr\u00e1fico.<\/td><\/tr><tr><td width=\"128\">GPS<\/td><td width=\"142\">Terceros, Sesi\u00f3n<\/td><td width=\"104\">30 minutos<\/td><td width=\"264\">Youtube establece esta cookie y registra una identificaci\u00f3n \u00fanica para rastrear a los usuarios seg\u00fan su ubicaci\u00f3n geogr\u00e1fica.<\/td><\/tr><tr><td width=\"128\">_ga<\/td><td width=\"142\">Terceros, Permanente<\/td><td width=\"104\">2 a\u00f1os<\/td><td width=\"264\">Esta cookie es instalada por Google Analytics. La cookie se utiliza para calcular los datos de visitantes, sesiones, campa\u00f1as y realizar un seguimiento del uso del sitio para el informe de an\u00e1lisis del sitio. Las cookies almacenan informaci\u00f3n de forma an\u00f3nima y asignan un n\u00famero generado aleatorio para identificar visitantes \u00fanicos.<\/td><\/tr><tr><td colspan=\"4\" width=\"638\"><strong>Publicitarias<\/strong><\/td><\/tr><tr><td width=\"128\">IDE<\/td><td width=\"142\">Terceros, Permanente<\/td><td width=\"104\">2 a\u00f1os<\/td><td width=\"264\">Son cookies publicitarias; se usan para mejorar la publicidad. Suelen utilizarse para orientar la publicidad seg\u00fan el contenido que es relevante para un usuario, mejorar los informes de rendimiento de la campa\u00f1a y evitar mostrar anuncios que el usuario ya haya visto.<\/td><\/tr><tr><td width=\"128\">NID<\/td><td width=\"142\">Terceros, Permanente<\/td><td width=\"104\">6 meses<\/td><td width=\"264\">La cookie NID contiene un ID \u00fanico que Google utiliza para recordar tus preferencias y otra informaci\u00f3n, como tu idioma preferido (por ejemplo, el espa\u00f1ol), el n\u00famero de resultados de b\u00fasqueda que quieres que se muestren por p\u00e1gina (por ejemplo, 10 o 20)<\/td><\/tr><tr><td width=\"128\">VISITOR_INFO1_LIVE<\/td><td width=\"142\">Terceros, Permanente<\/td><td width=\"104\">5 meses<\/td><td width=\"264\">Youtube establece esta cookie. Se utiliza para rastrear la informaci\u00f3n de los videos de YouTube incrustados en un sitio web.<\/td><\/tr><tr><td colspan=\"4\" width=\"638\"><strong>Necesarias (T\u00e9cnicas)<\/strong><\/td><\/tr><tr><td width=\"128\">cookielawinfo-checkbox-necesarias<\/td><td width=\"142\">Permanente<\/td><td width=\"104\">1 a\u00f1o<\/td><td width=\"264\">La cookie es establecida por el plugin de Consentimiento de Cookies de GDPR y se utiliza para almacenar si el usuario ha consentido o no el uso de cookies. No almacena ning\u00fan dato personal.<\/td><\/tr><tr><td width=\"128\">cookielawinfo-checkbox-no-necesaria<\/td><td width=\"142\">Permanente<\/td><td width=\"104\">1 a\u00f1o<\/td><td width=\"264\">Esta cookie es establecida por el plugin de Consentimiento de Cookies de GDPR. Las cookies se utilizan para almacenar el consentimiento del usuario para las cookies en la categor\u00eda \u00abNo necesario\u00bb.<\/td><\/tr><tr><td width=\"128\">pdf_uniqueid<\/td><td width=\"142\">Sesi\u00f3n<\/td><td width=\"104\">1 hora<\/td><td width=\"264\">La cookie se establece mediante el complemento Enviar PDF y se utiliza para generar el archivo PDF, si es necesario. No almacena ning\u00fan dato personal.<\/td><\/tr><\/tbody><\/table><h4><br \/>Informaci\u00f3n de qui\u00e9n utiliza las cookies<\/h4><p>La informaci\u00f3n obtenida por las cookies es tratada s\u00f3lo por nuestro editor y\/o tambi\u00e9n por terceros con el que nuestro editor haya contratado la prestaci\u00f3n de un servicio para el cual se requiera el uso de cookies.<\/p><p><strong>a) Cookies propias:\u00a0<\/strong>Con el fin de reconocerte y prestarte un mejor servicio, nuestro sitio utiliza cookies (peque\u00f1os archivos de texto que tu navegador almacena) propias. Las ventajas que conlleva la aceptaci\u00f3n de nuestras cookies se traduce en un ahorro de tiempo. Asimismo pueden ser utilizadas tambi\u00e9n para reconocerte entre visitas sucesivas y as\u00ed adaptar el contenido que se te muestra, para obtener informaci\u00f3n acerca de la fecha y hora de tu \u00faltima visita, medir algunos par\u00e1metros de tr\u00e1fico dentro del propio sitio, y estimar el n\u00famero de visitas realizadas, de manera que podamos enfocar y ajustar los servicios y promociones de forma m\u00e1s efectiva. Ninguna cookie permite que pueda contactarse con tu n\u00famero de tel\u00e9fono, tu direcci\u00f3n de correo electr\u00f3nico o con cualquier otro medio de contacto. Ninguna cookie puede extraer informaci\u00f3n de tu disco duro o robar informaci\u00f3n personal.<\/p><p><strong>b) Cookies de Terceros. Cookies de Google Analytics:<\/strong><strong>\u00a0<\/strong>El sitio utiliza el servicio Google Analytics, que es prestado por Google Inc., entidad cuya oficina principal est\u00e1 en 1600 Amphitheatre Parkway, Mountain View (California), CA 94043, Estados Unidos (\u00abGoogle\u00bb). Google Analytics utiliza cookies para ayudarnos a analizar el uso que hacen los usuarios del sitio. La informaci\u00f3n que genera la cookie acerca de tu uso del sitio (incluyendo tu direcci\u00f3n IP) ser\u00e1 directamente transmitida y archivada por Google en sus servidores de Estados Unidos. Google usar\u00e1 esta informaci\u00f3n por cuenta nuestra con el prop\u00f3sito de seguir la pista de tu uso del sitio, recopilando informes de la actividad del sitio y prestando otros servicios relacionados con la actividad del sitio y el uso de Internet. Google podr\u00e1 transmitir dicha informaci\u00f3n a terceros cuando as\u00ed se lo requiera la legislaci\u00f3n, o cuando dichos terceros procesen la informaci\u00f3n por cuenta de Google. Google no asociar\u00e1 tu direcci\u00f3n IP con ning\u00fan otro dato del que disponga Google. Si lo deseas puedes rechazar el tratamiento de los datos o la informaci\u00f3n rechazando el uso de cookies mediante la selecci\u00f3n de la configuraci\u00f3n apropiada de tu navegador. Sin embargo, si lo haces, puede ser que no puedas usar la plena funcionabilidad de este sitio. Al utilizar este sitio consientes el tratamiento de tu informaci\u00f3n por Google en la forma y para los fines arriba indicados.<br \/>M\u00e1s informaci\u00f3n:\u00a0<a href=\"https:\/\/www.google.es\/intl\/es\/policies\/technologies\/cookies\/\" target=\"_blank\" rel=\"noopener noreferrer\">Aqu\u00ed<\/a>.<\/p><p>Google ha desarrollado un complemento que puede instalar en su navegador si desea no ser rastreado por sus cookies:\u00a0<a href=\"https:\/\/tools.google.com\/dlpage\/gaoptout\" target=\"_blank\" rel=\"noopener noreferrer\">instalar<\/a><\/p><h4>Configuraci\u00f3n del usuario para evitar Cookies.<\/h4><p>Desde y en cumplimiento de la normativa legal vigente, ponemos a tu disposici\u00f3n la informaci\u00f3n que te permita configurar tu navegador\/navegadores de Internet para mantener tu privacidad y seguridad en relaci\u00f3n a las cookies.<br \/>Por ello, te facilitamos la informaci\u00f3n y enlaces a los sitios de soporte oficiales de los principales navegadores para que puedas decidir si deseas o no aceptar el uso de cookies. As\u00ed, puedes bloquear las cookies a trav\u00e9s de las herramientas de configuraci\u00f3n del navegador o bien puedes configurar tu navegador para que te avise cuando un servidor quiera guardar una cookie:<\/p><ol><li>Si utilizas\u00a0<strong>Microsoft Internet Explorer<\/strong>, en la opci\u00f3n de men\u00fa Herramientas &gt; Opciones de Internet &gt; Privacidad &gt; Configuraci\u00f3n.<br \/>Para saber m\u00e1s visita\u00a0<a href=\"https:\/\/support.microsoft.com\/es-es\/help\/17442\/windows-internet-explorer-delete-manage-cookies\" target=\"_blank\" rel=\"noopener noreferrer\">Aqu\u00ed<\/a><\/li><li>Si utilizas\u00a0<strong>Firefox<\/strong>, en la opci\u00f3n de men\u00fa Herramientas &gt; Opciones &gt; Privacidad &gt; Cookies.<br \/>Para saber m\u00e1s visita\u00a0<a href=\"https:\/\/support.mozilla.org\/es\/kb\/Deshabilitar%20cookies%20de%20terceros\" target=\"_blank\" rel=\"noopener noreferrer\">Aqu\u00ed<\/a><\/li><li>Si utilizas\u00a0<strong>Chrome<\/strong>, en la secci\u00f3n de Opciones &gt; Opciones avanzadas &gt; Privacidad.<br \/>Para saber m\u00e1s\u00a0<a href=\"http:\/\/support.google.com\/chrome\/bin\/answer.py?hl=es&amp;answer=95647\" target=\"_blank\" rel=\"noopener noreferrer\">Aqu\u00ed<\/a><\/li><li>Si utilizas Opera, en la opci\u00f3n de Seguridad y Privacidad, podr\u00e1s configurar el uso de cookies.<br \/>Para saber m\u00e1s visita<a href=\"http:\/\/www.opera.com\/help\/tutorials\/security\/cookies\/\" target=\"_blank\" rel=\"noopener noreferrer\">Aqu\u00ed<\/a><\/li><li>Si utilizas\u00a0<strong>Safari<\/strong>, en la opci\u00f3n Preferencias &gt; Seguridad o Privacidad, podr\u00e1s configurar el uso de cookies.<br \/>Para saber mas visita:\u00a0<a href=\"https:\/\/support.apple.com\/kb\/PH21411?viewlocale=es_ES&amp;locale=es_ES\" target=\"_blank\" rel=\"noopener noreferrer\">Aqu\u00ed<\/a><\/li><li>Si desea\u00a0<strong>deshabilitar Google Universal Analytics<\/strong>, puede instalar la siguiente extensi\u00f3n proporcionada por Google:\u00a0<a href=\"https:\/\/tools.google.com\/dlpage\/gaoptout\" target=\"_blank\" rel=\"noopener noreferrer\">Aqu\u00ed<\/a><\/li><\/ol>\t\t\t\t\t\t\t\t<\/div>\n\t\t\t\t<\/div>\n\t\t\t\t\t<\/div>\n\t\t<\/div>\n\t\t\t\t\t<\/div>\n\t\t<\/section>\n\t\t\t\t<\/div>\n\t\t","protected":false},"excerpt":{"rendered":"<p>Pol\u00edtica de cookies Normativa sobre el uso de cookies Esta Pol\u00edtica de Cookies es parte integrante del Aviso Legal y la Pol\u00edtica de Privacidad de CECAUF Espa\u00f1a.El acceso y la navegaci\u00f3n en el sitio, o el uso de los servicios del mismo, implican la aceptaci\u00f3n de las Condiciones Generales establecidas en nuestro Aviso Legal (y [&hellip;]<\/p>\n","protected":false},"author":3,"featured_media":0,"parent":0,"menu_order":0,"comment_status":"closed","ping_status":"closed","template":"elementor_header_footer","meta":{"site-sidebar-layout":"no-sidebar","site-content-layout":"page-builder","ast-site-content-layout":"","site-content-style":"default","site-sidebar-style":"default","ast-global-header-display":"","ast-banner-title-visibility":"","ast-main-header-display":"","ast-hfb-above-header-display":"","ast-hfb-below-header-display":"","ast-hfb-mobile-header-display":"","site-post-title":"disabled","ast-breadcrumbs-content":"","ast-featured-img":"disabled","footer-sml-layout":"","theme-transparent-header-meta":"","adv-header-id-meta":"","stick-header-meta":"","header-above-stick-meta":"","header-main-stick-meta":"","header-below-stick-meta":"","astra-migrate-meta-layouts":"default","ast-page-background-enabled":"default","ast-page-background-meta":{"desktop":{"background-color":"var(--ast-global-color-4)","background-image":"","background-repeat":"repeat","background-position":"center center","background-size":"auto","background-attachment":"scroll","background-type":"","background-media":"","overlay-type":"","overlay-color":"","overlay-gradient":""},"tablet":{"background-color":"","background-image":"","background-repeat":"repeat","background-position":"center center","background-size":"auto","background-attachment":"scroll","background-type":"","background-media":"","overlay-type":"","overlay-color":"","overlay-gradient":""},"mobile":{"background-color":"","background-image":"","background-repeat":"repeat","background-position":"center center","background-size":"auto","background-attachment":"scroll","background-type":"","background-media":"","overlay-type":"","overlay-color":"","overlay-gradient":""}},"ast-content-background-meta":{"desktop":{"background-color":"var(--ast-global-color-5)","background-image":"","background-repeat":"repeat","background-position":"center center","background-size":"auto","background-attachment":"scroll","background-type":"","background-media":"","overlay-type":"","overlay-color":"","overlay-gradient":""},"tablet":{"background-color":"var(--ast-global-color-5)","background-image":"","background-repeat":"repeat","background-position":"center center","background-size":"auto","background-attachment":"scroll","background-type":"","background-media":"","overlay-type":"","overlay-color":"","overlay-gradient":""},"mobile":{"background-color":"var(--ast-global-color-5)","background-image":"","background-repeat":"repeat","background-position":"center center","background-size":"auto","background-attachment":"scroll","background-type":"","background-media":"","overlay-type":"","overlay-color":"","overlay-gradient":""}},"_joinchat":[],"footnotes":""},"class_list":["post-2625","page","type-page","status-publish","hentry"],"_links":{"self":[{"href":"https:\/\/cecauf.es\/website\/wp-json\/wp\/v2\/pages\/2625","targetHints":{"allow":["GET"]}}],"collection":[{"href":"https:\/\/cecauf.es\/website\/wp-json\/wp\/v2\/pages"}],"about":[{"href":"https:\/\/cecauf.es\/website\/wp-json\/wp\/v2\/types\/page"}],"author":[{"embeddable":true,"href":"https:\/\/cecauf.es\/website\/wp-json\/wp\/v2\/users\/3"}],"replies":[{"embeddable":true,"href":"https:\/\/cecauf.es\/website\/wp-json\/wp\/v2\/comments?post=2625"}],"version-history":[{"count":4,"href":"https:\/\/cecauf.es\/website\/wp-json\/wp\/v2\/pages\/2625\/revisions"}],"predecessor-version":[{"id":2629,"href":"https:\/\/cecauf.es\/website\/wp-json\/wp\/v2\/pages\/2625\/revisions\/2629"}],"wp:attachment":[{"href":"https:\/\/cecauf.es\/website\/wp-json\/wp\/v2\/media?parent=2625"}],"curies":[{"name":"wp","href":"https:\/\/api.w.org\/{rel}","templated":true}]}}