{"id":2617,"date":"2022-12-28T03:41:00","date_gmt":"2022-12-28T03:41:00","guid":{"rendered":"https:\/\/cecauf.es\/website\/?page_id=2617"},"modified":"2022-12-28T03:45:13","modified_gmt":"2022-12-28T03:45:13","slug":"politica-de-privacidad","status":"publish","type":"page","link":"https:\/\/cecauf.es\/website\/politica-de-privacidad\/","title":{"rendered":"Pol\u00edtica de Privacidad"},"content":{"rendered":"\t\t<div data-elementor-type=\"wp-page\" data-elementor-id=\"2617\" class=\"elementor elementor-2617\">\n\t\t\t\t\t\t<section class=\"elementor-section elementor-top-section elementor-element elementor-element-811a080 elementor-section-boxed elementor-section-height-default elementor-section-height-default\" data-id=\"811a080\" data-element_type=\"section\">\n\t\t\t\t\t\t<div class=\"elementor-container elementor-column-gap-default\">\n\t\t\t\t\t<div class=\"elementor-column elementor-col-100 elementor-top-column elementor-element elementor-element-df011b7\" data-id=\"df011b7\" data-element_type=\"column\">\n\t\t\t<div class=\"elementor-widget-wrap elementor-element-populated\">\n\t\t\t\t\t\t<div class=\"elementor-element elementor-element-e9ac8c5 elementor-widget elementor-widget-heading\" data-id=\"e9ac8c5\" data-element_type=\"widget\" data-widget_type=\"heading.default\">\n\t\t\t\t<div class=\"elementor-widget-container\">\n\t\t\t\t\t<h2 class=\"elementor-heading-title elementor-size-default\">Pol\u00edtica de Privacidad\n\n<\/h2>\t\t\t\t<\/div>\n\t\t\t\t<\/div>\n\t\t\t\t\t<\/div>\n\t\t<\/div>\n\t\t\t\t\t<\/div>\n\t\t<\/section>\n\t\t\t\t<section class=\"elementor-section elementor-top-section elementor-element elementor-element-85776d4 elementor-section-boxed elementor-section-height-default elementor-section-height-default\" data-id=\"85776d4\" data-element_type=\"section\">\n\t\t\t\t\t\t<div class=\"elementor-container elementor-column-gap-default\">\n\t\t\t\t\t<div class=\"elementor-column elementor-col-100 elementor-top-column elementor-element elementor-element-5e5db07\" data-id=\"5e5db07\" data-element_type=\"column\">\n\t\t\t<div class=\"elementor-widget-wrap elementor-element-populated\">\n\t\t\t\t\t\t<div class=\"elementor-element elementor-element-d06798d elementor-widget elementor-widget-text-editor\" data-id=\"d06798d\" data-element_type=\"widget\" data-widget_type=\"text-editor.default\">\n\t\t\t\t<div class=\"elementor-widget-container\">\n\t\t\t\t\t\t\t\t\t<p>La Pol\u00edtica de Privacidad forma parte de las Condiciones Generales que rigen la presente Web.<\/p><p><span style=\"font-style: inherit; color: var( --e-global-color-text ); font-family: var( --e-global-typography-text-font-family ), Sans-serif; background-color: var(--ast-global-color-5);\"><b>\u00bfQui\u00e9n es el responsable del tratamiento de tus datos?<br \/><\/b><\/span><span style=\"font-style: inherit; font-weight: inherit; color: var( --e-global-color-text ); font-family: var( --e-global-typography-text-font-family ), Sans-serif; background-color: var(--ast-global-color-5);\">DELEGACI\u00d3N FASTA ESPA\u00d1A CIF: R0801163G Domicilio: Avinguda al Vedat, 188, C.P. 46900, de Torrent. Tel\u00e9fono: 961 55 15 71<\/span><\/p><p>Correo electr\u00f3nico: ameyniel@cefms.es Delegado de Protecci\u00f3n de Datos.<\/p><p>Puedes dirigirte de cualquier forma para comunicarte con nosotros.<\/p><p>Nos reservamos el derecho a modificar o adaptar la presente Pol\u00edtica de Privacidad en cualquier momento. Te recomendamos revisar la misma, y si te has registrado y accedes a tu cuenta o perfil, se te informar\u00e1 de las modificaciones.<\/p><p><b>\u00bfCon que finalidades vamos a tratar tus datos personales?<br \/><\/b><br \/><b><br \/>1.\u00ad Alumnos, padres, madres y tutores:<\/b><\/p><p>En CECAUF.ES vamos a tratar sus datos personales con las siguientes finalidades: Gestionar la matriculaci\u00f3n del alumno\/a. En su caso, gestionar el circuito administrativo de la formaci\u00f3n, el cobro de pagos totales o cuotas como as\u00ed tambi\u00e9n donaciones voluntarias.<br \/>Gestionar en caso de contrataci\u00f3n o solicitud otros servicios complementarios y actividades complementarias. La solicitud de estos servicios requerir\u00e1 la cumplimentaci\u00f3n del correspondiente impreso donde se facilitar\u00e1 informaci\u00f3n espec\u00edfica de protecci\u00f3n de datos sobre esos tratamientos y se pedir\u00e1n los correspondientes consentimientos para el tratamiento de esos datos.<\/p><p>Conocer, en su caso, datos de salud del alumno\/a que permitan actuar con prontitud y diligencia y determinar aptitud para pr\u00e1cticas en empresas y participaci\u00f3n en actividades.<\/p><p>Tratamiento de im\u00e1genes del alumno\/a relacionadas con actividades culturales y complementaria: anuario acad\u00e9mico, participaci\u00f3n en actividades extras, deportivas, l\u00fadicas y educativas, incluidas aquellas que tengan fin de publicidad y promoci\u00f3n de CECAUF y sus actividades.<\/p><p>Finalizada la formaci\u00f3n, informar sobre servicios y actividades organizadas para antiguos alumnos.<\/p><p><b>2. \u00ad Proveedores:<\/b><\/p><p>En CECAUF.ES, vamos a tratar sus datos personales con la finalidad de facturaci\u00f3n.<\/p><p><b>3. \u00ad Contactos redes sociales:<\/b><\/p><p>En CECAUF vamos a tratar sus datos personales con las siguientes finalidades:<br \/>Contestar a tus consultas, solicitudes o peticiones.<br \/>Gestionar el servicio solicitado, contestar tu solicitud, o tramitar tu petici\u00f3n. Relacionarnos contigo y crear una comunidad de seguidores.<\/p><p>Todo ello conforme a sus pol\u00edticas de Privacidad:<\/p><p>Facebook \u2013\u00a0<a style=\"font-family: var( --e-global-typography-text-font-family ), Sans-serif; font-size: var( --e-global-typography-text-font-size ); font-weight: var( --e-global-typography-text-font-weight );\" href=\"http:\/\/www.facebook.com\/policy.php?ref=pf\" target=\"_blank\" rel=\"noopener\">ver politicas<\/a><br \/><span style=\"font-style: inherit; font-weight: inherit; color: var( --e-global-color-text ); font-family: var( --e-global-typography-text-font-family ), Sans-serif; background-color: var(--ast-global-color-5);\">Instagram \u2013\u00a0<\/span><a style=\"font-size: var( --e-global-typography-text-font-size ); font-style: inherit; font-weight: var( --e-global-typography-text-font-weight ); font-family: var( --e-global-typography-text-font-family ), Sans-serif;\" href=\"https:\/\/help.instagram.com\/155833707900388\" target=\"_blank\" rel=\"noopener\">ver politicas<\/a><br \/><span style=\"font-style: inherit; font-weight: inherit; color: var( --e-global-color-text ); font-family: var( --e-global-typography-text-font-family ), Sans-serif; background-color: var(--ast-global-color-5);\">Twitter \u2013\u00a0<\/span><a style=\"font-size: var( --e-global-typography-text-font-size ); font-style: inherit; font-weight: var( --e-global-typography-text-font-weight ); font-family: var( --e-global-typography-text-font-family ), Sans-serif;\" href=\"http:\/\/twitter.com\/privacy\" target=\"_blank\" rel=\"noopener\">ver politicas<\/a><br \/><span style=\"font-style: inherit; font-weight: inherit; color: var( --e-global-color-text ); font-family: var( --e-global-typography-text-font-family ), Sans-serif; background-color: var(--ast-global-color-5);\">Linkedin \u2013\u00a0<\/span><a style=\"font-size: var( --e-global-typography-text-font-size ); font-style: inherit; font-weight: var( --e-global-typography-text-font-weight ); font-family: var( --e-global-typography-text-font-family ), Sans-serif;\" href=\"http:\/\/www.linkedin.com\/legal\/privacy-policy?trk=hb_ft_priv\" target=\"_blank\" rel=\"noopener\">ver politicas<\/a><br \/><span style=\"font-style: inherit; font-weight: inherit; color: var( --e-global-color-text ); font-family: var( --e-global-typography-text-font-family ), Sans-serif; background-color: var(--ast-global-color-5);\">Pinterest \u2013\u00a0<\/span><a style=\"font-size: var( --e-global-typography-text-font-size ); font-style: inherit; font-weight: var( --e-global-typography-text-font-weight ); font-family: var( --e-global-typography-text-font-family ), Sans-serif;\" href=\"https:\/\/about.pinterest.com\/es\/privacy-policy\" target=\"_blank\" rel=\"noopener\">ver politicas<\/a><br \/><span style=\"font-style: inherit; font-weight: inherit; color: var( --e-global-color-text ); font-family: var( --e-global-typography-text-font-family ), Sans-serif; background-color: var(--ast-global-color-5);\">Google* \u2013\u00a0<\/span><a style=\"font-style: inherit; font-weight: inherit; font-family: var( --e-global-typography-text-font-family ), Sans-serif;\" href=\"http:\/\/www.google.com\/intl\/es\/policies\/privacy\/\" target=\"_blank\" rel=\"noopener\">ver politicas<\/a><br \/><span style=\"font-style: inherit; font-weight: inherit; color: var( --e-global-color-text ); font-family: var( --e-global-typography-text-font-family ), Sans-serif; background-color: var(--ast-global-color-5);\">*(Google+ y Youtube)<\/span><\/p><p><b>4. \u00ad Videovigilancia:<\/b><\/p><p>Se informa de que las instalaciones del CECAUF est\u00e1n equipadas con sistemas de c\u00e1maras de vigilancia. Los sistemas de c\u00e1maras de vigilancia se instalan con el fin de controlar la entrada y salida en las instalaciones, as\u00ed como con fines de seguridad de las mismas.<\/p><p><b>5. \u00ad Demandantes de empleo:<\/b><\/p><p>En CECAUF.ES, vamos a tratar sus datos personales con las siguientes finalidades:<br \/>Organizaci\u00f3n de procesos de selecci\u00f3n para la contrataci\u00f3n de empleados. Citarle para entrevistas de trabajo y evaluar su candidatura. Si nos ha dado su consentimiento, podremos mantener su CV para hacerle part\u00edcipe en nuevos procesos de selecci\u00f3n. Si nos ha dado su consentimiento, podremos comunicar su CV a empresas del grupo, colaboradoras o afines, con el \u00fanico objetivo de hacerle part\u00edcipe en sus procesos de selecci\u00f3n.<\/p><p><b>\u00bfCu\u00e1l es la legitimaci\u00f3n para el tratamiento de tus datos?<br \/>1.Alumnos mayores de edad, padres, madres y tutores:<\/b><\/p><p>Los tratamientos relacionados con la educaci\u00f3n no reglada est\u00e1n legitimados por la Ley Org\u00e1nica 3\/2020, de 3 de mayo, de 29 de diciembre, por la que se modifica la Ley Org\u00e1nica 2\/2006, de 3 de mayo, de Educaci\u00f3n y cuantas otras se desprendan del sistema educativo espa\u00f1ol en todos sus niveles.<\/p><p>Otra base legal del tratamiento es la ejecuci\u00f3n de un contrato para la formaci\u00f3n no obligatoria y servicios opcionales (gratuitos, subvencionados o de pago) como son determinados servicios complementarios y actividades extras.<\/p><p>La \u00faltima base legal para los otros tratamientos indicados con anterioridad (orientaci\u00f3n, organizaci\u00f3n de actividades l\u00fadicas, deportivas y educativas, publicaci\u00f3n de im\u00e1genes del alumno\/a, tratamiento de datos de salud, informaci\u00f3n sobre actividades organizadas para antiguos alumnos y avisos a familiares y personas de contacto, cobros de las cantidades, es el<br \/>consentimiento del interesado. En el caso que no sea otorgado no impedir\u00e1 ni supeditar\u00e1 el tratamiento de datos de la finalidad principal que es la de gesti\u00f3n acad\u00e9mica.<\/p><p><b>2. \u00ad Proveedores:<\/b><\/p><p>La base legal para el tratamiento de sus datos es la ejecuci\u00f3n de un contrato y mantenimiento de la relaci\u00f3n contractual.<\/p><p><b>3. \u00ad Contactos redes sociales:<\/b><\/p><p>La base legal para el tratamiento de sus datos es la aceptaci\u00f3n de una relaci\u00f3n contractual en el entorno de la red social que corresponda, y conforme a sus pol\u00edticas de Privacidad.<\/p><p><b>4. \u00ad Videovigilancia:<\/b><\/p><p>La base legal para el tratamiento de sus datos es el consentimiento inequ\u00edvoco del interesado al acceder a nuestras instalaciones tras visualizar el cartel informativo de la zona videovigilada.<\/p><p><b>5. \u00ad Demandantes de empleo:<\/b><\/p><p>La base legal para el tratamiento de sus datos es su consentimiento inequ\u00edvoco, al entregarnos su CV y recibir y\/o firmar informaci\u00f3n relativa a los tratamientos que vamos a efectuar.<\/p><p><b>\u00bfA qu\u00e9 destinatarios se comunicar\u00e1n sus datos?<br \/><\/b>Los datos podr\u00e1n ser comunicados al Ministerio de Educaci\u00f3n y Consejer\u00eda de Educaci\u00f3n de conformidad con la legislaci\u00f3n vigente y a la UNIVERSIDAD FASTA, para la gesti\u00f3n Administrativa, Educativa y Econ\u00f3mica de la formaci\u00f3n contratada.<\/p><p>Los datos relacionados con el cobro de la matr\u00edcula podr\u00e1n ser comunicados a entidades bancarias para gestionar los recibos domiciliados y podr\u00e1n ser comunicados en el supuesto que seamos requeridos para ello a la Agencia Estatal de la Administraci\u00f3n Tributaria.<\/p><p>Los datos del cobro de cualquier donaci\u00f3n voluntaria quedar\u00e1n reflejados en un registro de donaciones y donantes a disposici\u00f3n del Servicio de Prevenci\u00f3n del Blanqueo de Capitales.<\/p><p>De la misma manera los datos del alumno podr\u00e1n ser comunicados a agencias de viaje para la organizaci\u00f3n de viajes y compa\u00f1\u00edas aseguradoras para la contrataci\u00f3n de seguros (accidentes, viajes), a entidades p\u00fablicas y\/o privadas para el control de asistencia de los alumnos en excursiones, Escuelas Oficiales de Idiomas para la certificaci\u00f3n y emisi\u00f3n del t\u00edtulo oficial, a<br \/>Federaciones y clubs deportivos para las actividades de deporte.<\/p><p>Al trabajar en un sistema de carpetas compartidas en la aplicaci\u00f3n Dropbox\/<br \/>Google Drive\/ Google Education\/ Microsoft Teams\/ Moodle, se podr\u00e1 realizar seg\u00fan el caso una transferencia internacional a Estados Unidos bajo la habilitaci\u00f3n del acuerdo EEUU\u00ad con la Uni\u00f3n Europea Privacy Shield. M\u00e1s informaci\u00f3n<\/p><p><b>\u00bfQu\u00e9 medidas de seguridad aplicamos?<br \/><\/b>Puede estar tranquilo, hemos adoptado un nivel \u00f3ptimo de protecci\u00f3n de los Datos Personales que manejamos, y hemos instalado todos los medios y medidas t\u00e9cnicas a nuestra disposici\u00f3n seg\u00fan el estado de la tecnolog\u00eda para evitar la p\u00e9rdida, mal uso, alteraci\u00f3n, acceso no autorizado y<br \/>robo de los Datos Personales.<\/p><p><b>\u00bfCu\u00e1les son sus derechos cuando nos facilita sus datos?<br \/><\/b>Cualquier persona tiene derecho a obtener confirmaci\u00f3n sobre la existencia de un tratamiento de sus datos personales, a acceder a sus datos personales, solicitar la rectificaci\u00f3n de los mismos que sean inexactos o, en su caso, solicitar la supresi\u00f3n, cuando entre otros motivos, los datos ya no sean necesarios para los fines para los que fueron recogidos o el interesado retire el consentimiento otorgado.<\/p><p>En determinados supuestos el interesado podr\u00e1 solicitar la limitaci\u00f3n del tratamiento de sus datos, en cuyo caso s\u00f3lo los conservaremos de acuerdo con la normativa vigente.<\/p><p>En determinados supuestos puede ejercitar su derecho a la portabilidad de los datos, que ser\u00e1n entregados en un formato estructurado, de uso com\u00fan o lectura mec\u00e1nica a usted o el nuevo responsable de tratamiento que designe.<\/p><p>Tiene derecho a revocar en cualquier momento el consentimiento para cualquiera de los tratamientos para los que lo ha otorgado.<\/p><p>CECAUF, dispone de formularios para el ejercicio de derechos que pueden ser solicitados al email ameyniel@cefms.es o utilizar los elaborados por la Agencia Espa\u00f1ola de Protecci\u00f3n de Datos o terceros. Estos formularios deber\u00e1n ir firmados electr\u00f3nicamente o ser acompa\u00f1ados de fotocopia del DNI. Si se act\u00faa por medio de representante de la misma manera deber\u00e1 ir<br \/>acompa\u00f1ado de copia de su DNI o con firma electr\u00f3nica.<\/p><p>Los formularios deber\u00e1n ser presentados presencialmente en CECAUF Espa\u00f1a o remitidos por correo postal o electr\u00f3nico en las direcciones que aparecen en el apartado \u201cResponsable\u201d.<\/p><p>Tiene derecho a presentar una reclamaci\u00f3n ante la Agencia Espa\u00f1ola de Protecci\u00f3n de Datos en el supuesto que considere que no se ha atendido convenientemente el ejercicio de sus<br \/>derechos. El plazo m\u00e1ximo para resolver es el de un mes a contar desde la recepci\u00f3n de su solicitud.<\/p><p>En el caso de producirse alguna modificaci\u00f3n de sus datos, le agradecemos nos lo comunique debidamente por escrito con la finalidad de mantener sus datos actualizados.<\/p><p><b>\u00bfPor cu\u00e1nto tiempo conservaremos sus datos?<br \/><\/b>Los datos personales ser\u00e1n mantenidos mientras dure la relaci\u00f3n acad\u00e9mica del alumno\/a. Al finalizar la misma, los datos personales tratados en cada una de las finalidades indicadas se mantendr\u00e1n durante los plazos legalmente previstos o durante el plazo que un juez o tribunal los pueda requerir atendiendo al plazo de prescripci\u00f3n de acciones judiciales. Los datos<br \/>tratados en base al consentimiento del interesado se mantendr\u00e1n en tanto no expiren los plazos legales aludidos anteriormente, si hubiera obligaci\u00f3n legal de mantenimiento, o de no existir ese plazo legal, hasta que el interesado solicite su supresi\u00f3n o revoque el consentimiento otorgado. El expediente acad\u00e9mico, de acuerdo con la normativa vigente, se mantendr\u00e1 indefinidamente.<\/p>\t\t\t\t\t\t\t\t<\/div>\n\t\t\t\t<\/div>\n\t\t\t\t\t<\/div>\n\t\t<\/div>\n\t\t\t\t\t<\/div>\n\t\t<\/section>\n\t\t\t\t<\/div>\n\t\t","protected":false},"excerpt":{"rendered":"<p>Pol\u00edtica de Privacidad La Pol\u00edtica de Privacidad forma parte de las Condiciones Generales que rigen la presente Web. \u00bfQui\u00e9n es el responsable del tratamiento de tus datos?DELEGACI\u00d3N FASTA ESPA\u00d1A CIF: R0801163G Domicilio: Avinguda al Vedat, 188, C.P. 46900, de Torrent. Tel\u00e9fono: 961 55 15 71 Correo electr\u00f3nico: ameyniel@cefms.es Delegado de Protecci\u00f3n de Datos. Puedes dirigirte [&hellip;]<\/p>\n","protected":false},"author":3,"featured_media":0,"parent":0,"menu_order":0,"comment_status":"closed","ping_status":"closed","template":"elementor_header_footer","meta":{"site-sidebar-layout":"no-sidebar","site-content-layout":"page-builder","ast-site-content-layout":"","site-content-style":"default","site-sidebar-style":"default","ast-global-header-display":"","ast-banner-title-visibility":"","ast-main-header-display":"","ast-hfb-above-header-display":"","ast-hfb-below-header-display":"","ast-hfb-mobile-header-display":"","site-post-title":"disabled","ast-breadcrumbs-content":"","ast-featured-img":"disabled","footer-sml-layout":"","theme-transparent-header-meta":"","adv-header-id-meta":"","stick-header-meta":"","header-above-stick-meta":"","header-main-stick-meta":"","header-below-stick-meta":"","astra-migrate-meta-layouts":"default","ast-page-background-enabled":"default","ast-page-background-meta":{"desktop":{"background-color":"var(--ast-global-color-4)","background-image":"","background-repeat":"repeat","background-position":"center center","background-size":"auto","background-attachment":"scroll","background-type":"","background-media":"","overlay-type":"","overlay-color":"","overlay-gradient":""},"tablet":{"background-color":"","background-image":"","background-repeat":"repeat","background-position":"center center","background-size":"auto","background-attachment":"scroll","background-type":"","background-media":"","overlay-type":"","overlay-color":"","overlay-gradient":""},"mobile":{"background-color":"","background-image":"","background-repeat":"repeat","background-position":"center center","background-size":"auto","background-attachment":"scroll","background-type":"","background-media":"","overlay-type":"","overlay-color":"","overlay-gradient":""}},"ast-content-background-meta":{"desktop":{"background-color":"var(--ast-global-color-5)","background-image":"","background-repeat":"repeat","background-position":"center center","background-size":"auto","background-attachment":"scroll","background-type":"","background-media":"","overlay-type":"","overlay-color":"","overlay-gradient":""},"tablet":{"background-color":"var(--ast-global-color-5)","background-image":"","background-repeat":"repeat","background-position":"center center","background-size":"auto","background-attachment":"scroll","background-type":"","background-media":"","overlay-type":"","overlay-color":"","overlay-gradient":""},"mobile":{"background-color":"var(--ast-global-color-5)","background-image":"","background-repeat":"repeat","background-position":"center center","background-size":"auto","background-attachment":"scroll","background-type":"","background-media":"","overlay-type":"","overlay-color":"","overlay-gradient":""}},"_joinchat":[],"footnotes":""},"class_list":["post-2617","page","type-page","status-publish","hentry"],"_links":{"self":[{"href":"https:\/\/cecauf.es\/website\/wp-json\/wp\/v2\/pages\/2617","targetHints":{"allow":["GET"]}}],"collection":[{"href":"https:\/\/cecauf.es\/website\/wp-json\/wp\/v2\/pages"}],"about":[{"href":"https:\/\/cecauf.es\/website\/wp-json\/wp\/v2\/types\/page"}],"author":[{"embeddable":true,"href":"https:\/\/cecauf.es\/website\/wp-json\/wp\/v2\/users\/3"}],"replies":[{"embeddable":true,"href":"https:\/\/cecauf.es\/website\/wp-json\/wp\/v2\/comments?post=2617"}],"version-history":[{"count":7,"href":"https:\/\/cecauf.es\/website\/wp-json\/wp\/v2\/pages\/2617\/revisions"}],"predecessor-version":[{"id":2624,"href":"https:\/\/cecauf.es\/website\/wp-json\/wp\/v2\/pages\/2617\/revisions\/2624"}],"wp:attachment":[{"href":"https:\/\/cecauf.es\/website\/wp-json\/wp\/v2\/media?parent=2617"}],"curies":[{"name":"wp","href":"https:\/\/api.w.org\/{rel}","templated":true}]}}